{"id":12,"date":"2025-09-10T09:22:55","date_gmt":"2025-09-10T09:22:55","guid":{"rendered":"http:\/\/danse-aix-les-bains.com\/?page_id=12"},"modified":"2025-09-19T10:06:13","modified_gmt":"2025-09-19T10:06:13","slug":"a-propos-de","status":"publish","type":"page","link":"https:\/\/danse-aix-les-bains.com\/index.php\/a-propos-de\/","title":{"rendered":"\u00c0 propos de"},"content":{"rendered":"\n<p><strong>Reine Boutron <\/strong>a commenc\u00e9 sa formation de danse classique \u00e0 l&#8217;\u00e2ge de 11 ans, elle a suivi de cours toute au long de sa vie \u00e0 Aix les bains et \u00e0 Paris, elle a particip\u00e9 \u00e0 des stages avec des danseuses et danseurs reconnus tels que Yvette Chauvir\u00e9 ou encore Claude Bessy.<\/p>\n\n\n\n<figure class=\"wp-block-gallery has-nested-images columns-default is-cropped wp-block-gallery-1 is-layout-flex wp-block-gallery-is-layout-flex\">\n<figure class=\"wp-block-image size-large\"><img data-dominant-color=\"a89e89\" data-has-transparency=\"false\" style=\"--dominant-color: #a89e89;\" loading=\"lazy\" decoding=\"async\" width=\"682\" height=\"1024\" sizes=\"(max-width: 682px) 100vw, 682px\" data-id=\"89\" src=\"https:\/\/danse-aix-les-bains.com\/wp-content\/uploads\/2025\/09\/Ecole-de-Danse-Reine-Boutron-entree-1-682x1024.webp\" alt=\"\" class=\"wp-image-89 not-transparent\" srcset=\"https:\/\/danse-aix-les-bains.com\/wp-content\/uploads\/2025\/09\/Ecole-de-Danse-Reine-Boutron-entree-1-682x1024.webp 682w, https:\/\/danse-aix-les-bains.com\/wp-content\/uploads\/2025\/09\/Ecole-de-Danse-Reine-Boutron-entree-1-200x300.webp 200w, https:\/\/danse-aix-les-bains.com\/wp-content\/uploads\/2025\/09\/Ecole-de-Danse-Reine-Boutron-entree-1-768x1154.webp 768w, https:\/\/danse-aix-les-bains.com\/wp-content\/uploads\/2025\/09\/Ecole-de-Danse-Reine-Boutron-entree-1-1022x1536.webp 1022w, https:\/\/danse-aix-les-bains.com\/wp-content\/uploads\/2025\/09\/Ecole-de-Danse-Reine-Boutron-entree-1-1363x2048.webp 1363w, https:\/\/danse-aix-les-bains.com\/wp-content\/uploads\/2025\/09\/Ecole-de-Danse-Reine-Boutron-entree-1-scaled.webp 1704w\" \/><figcaption class=\"wp-element-caption\">Salle de danse Reine Boutron Aix-les-bains<\/figcaption><\/figure>\n\n\n\n<figure class=\"wp-block-image size-large\"><img data-dominant-color=\"897b69\" data-has-transparency=\"false\" style=\"--dominant-color: #897b69;\" loading=\"lazy\" decoding=\"async\" width=\"802\" height=\"1024\" sizes=\"(max-width: 802px) 100vw, 802px\" data-id=\"90\" src=\"https:\/\/danse-aix-les-bains.com\/wp-content\/uploads\/2025\/09\/Reine-Boutron-et-Yvette-Chavire-802x1024.webp\" alt=\"\" class=\"wp-image-90 not-transparent\" srcset=\"https:\/\/danse-aix-les-bains.com\/wp-content\/uploads\/2025\/09\/Reine-Boutron-et-Yvette-Chavire-802x1024.webp 802w, https:\/\/danse-aix-les-bains.com\/wp-content\/uploads\/2025\/09\/Reine-Boutron-et-Yvette-Chavire-235x300.webp 235w, https:\/\/danse-aix-les-bains.com\/wp-content\/uploads\/2025\/09\/Reine-Boutron-et-Yvette-Chavire-768x981.webp 768w, https:\/\/danse-aix-les-bains.com\/wp-content\/uploads\/2025\/09\/Reine-Boutron-et-Yvette-Chavire-1202x1536.webp 1202w, https:\/\/danse-aix-les-bains.com\/wp-content\/uploads\/2025\/09\/Reine-Boutron-et-Yvette-Chavire-1603x2048.webp 1603w, https:\/\/danse-aix-les-bains.com\/wp-content\/uploads\/2025\/09\/Reine-Boutron-et-Yvette-Chavire-scaled.webp 2004w\" \/><figcaption class=\"wp-element-caption\">Reine Boutron avec Yvette Chavir\u00e9 &#8211; Paris<\/figcaption><\/figure>\n\n\n\n<figure class=\"wp-block-image size-large\"><img data-dominant-color=\"b6a8a0\" data-has-transparency=\"false\" style=\"--dominant-color: #b6a8a0;\" loading=\"lazy\" decoding=\"async\" width=\"1024\" height=\"682\" sizes=\"(max-width: 1024px) 100vw, 1024px\" data-id=\"86\" src=\"https:\/\/danse-aix-les-bains.com\/wp-content\/uploads\/2025\/09\/Reine-Boutron-Salle-de-danse-Aix-les-bains-3-1024x682.webp\" alt=\"Salle de danse Aix-les-bains - Reine Boutron\" class=\"wp-image-86 not-transparent\" srcset=\"https:\/\/danse-aix-les-bains.com\/wp-content\/uploads\/2025\/09\/Reine-Boutron-Salle-de-danse-Aix-les-bains-3-1024x682.webp 1024w, https:\/\/danse-aix-les-bains.com\/wp-content\/uploads\/2025\/09\/Reine-Boutron-Salle-de-danse-Aix-les-bains-3-300x200.webp 300w, https:\/\/danse-aix-les-bains.com\/wp-content\/uploads\/2025\/09\/Reine-Boutron-Salle-de-danse-Aix-les-bains-3-768x511.webp 768w, https:\/\/danse-aix-les-bains.com\/wp-content\/uploads\/2025\/09\/Reine-Boutron-Salle-de-danse-Aix-les-bains-3-1536x1022.webp 1536w, https:\/\/danse-aix-les-bains.com\/wp-content\/uploads\/2025\/09\/Reine-Boutron-Salle-de-danse-Aix-les-bains-3-2048x1363.webp 2048w\" \/><figcaption class=\"wp-element-caption\">Salle de danse &#8211; Reine Boutron \u00e0 Aix-les-bains<\/figcaption><\/figure>\n\n\n\n<figure class=\"wp-block-image size-large\"><img data-dominant-color=\"88272c\" data-has-transparency=\"false\" style=\"--dominant-color: #88272c;\" loading=\"lazy\" decoding=\"async\" width=\"1024\" height=\"500\" sizes=\"(max-width: 1024px) 100vw, 1024px\" data-id=\"92\" src=\"https:\/\/danse-aix-les-bains.com\/wp-content\/uploads\/2025\/09\/Reine-Boutron-danse-Aix-les-bains-1-1024x500.webp\" alt=\"\" class=\"wp-image-92 not-transparent\" srcset=\"https:\/\/danse-aix-les-bains.com\/wp-content\/uploads\/2025\/09\/Reine-Boutron-danse-Aix-les-bains-1-1024x500.webp 1024w, https:\/\/danse-aix-les-bains.com\/wp-content\/uploads\/2025\/09\/Reine-Boutron-danse-Aix-les-bains-1-300x147.webp 300w, https:\/\/danse-aix-les-bains.com\/wp-content\/uploads\/2025\/09\/Reine-Boutron-danse-Aix-les-bains-1-768x375.webp 768w, https:\/\/danse-aix-les-bains.com\/wp-content\/uploads\/2025\/09\/Reine-Boutron-danse-Aix-les-bains-1-1536x750.webp 1536w, https:\/\/danse-aix-les-bains.com\/wp-content\/uploads\/2025\/09\/Reine-Boutron-danse-Aix-les-bains-1-2048x1000.webp 2048w\" \/><figcaption class=\"wp-element-caption\">Reine Boutron spectacle <\/figcaption><\/figure>\n\n\n\n<figure class=\"wp-block-image size-large\"><img data-dominant-color=\"1f1817\" data-has-transparency=\"false\" style=\"--dominant-color: #1f1817;\" loading=\"lazy\" decoding=\"async\" width=\"1024\" height=\"682\" sizes=\"(max-width: 1024px) 100vw, 1024px\" data-id=\"93\" src=\"https:\/\/danse-aix-les-bains.com\/wp-content\/uploads\/2025\/09\/Reine-Boutron-danse-Aix-les-bains-2-1024x682.webp\" alt=\"\" class=\"wp-image-93 not-transparent\" srcset=\"https:\/\/danse-aix-les-bains.com\/wp-content\/uploads\/2025\/09\/Reine-Boutron-danse-Aix-les-bains-2-1024x682.webp 1024w, https:\/\/danse-aix-les-bains.com\/wp-content\/uploads\/2025\/09\/Reine-Boutron-danse-Aix-les-bains-2-300x200.webp 300w, https:\/\/danse-aix-les-bains.com\/wp-content\/uploads\/2025\/09\/Reine-Boutron-danse-Aix-les-bains-2-768x511.webp 768w, https:\/\/danse-aix-les-bains.com\/wp-content\/uploads\/2025\/09\/Reine-Boutron-danse-Aix-les-bains-2-1536x1022.webp 1536w, https:\/\/danse-aix-les-bains.com\/wp-content\/uploads\/2025\/09\/Reine-Boutron-danse-Aix-les-bains-2-2048x1363.webp 2048w\" \/><figcaption class=\"wp-element-caption\">Reine Boutron spectacle<\/figcaption><\/figure>\n\n\n\n<figure class=\"wp-block-image size-large\"><img data-dominant-color=\"d7b6a9\" data-has-transparency=\"false\" style=\"--dominant-color: #d7b6a9;\" loading=\"lazy\" decoding=\"async\" width=\"1024\" height=\"682\" sizes=\"(max-width: 1024px) 100vw, 1024px\" data-id=\"94\" src=\"https:\/\/danse-aix-les-bains.com\/wp-content\/uploads\/2025\/09\/Reine-Boutron-danse-classique-pointes-6-1-1024x682.webp\" alt=\"\" class=\"wp-image-94 not-transparent\" srcset=\"https:\/\/danse-aix-les-bains.com\/wp-content\/uploads\/2025\/09\/Reine-Boutron-danse-classique-pointes-6-1-1024x682.webp 1024w, https:\/\/danse-aix-les-bains.com\/wp-content\/uploads\/2025\/09\/Reine-Boutron-danse-classique-pointes-6-1-300x200.webp 300w, https:\/\/danse-aix-les-bains.com\/wp-content\/uploads\/2025\/09\/Reine-Boutron-danse-classique-pointes-6-1-768x511.webp 768w, https:\/\/danse-aix-les-bains.com\/wp-content\/uploads\/2025\/09\/Reine-Boutron-danse-classique-pointes-6-1-1536x1022.webp 1536w, https:\/\/danse-aix-les-bains.com\/wp-content\/uploads\/2025\/09\/Reine-Boutron-danse-classique-pointes-6-1-2048x1363.webp 2048w\" \/><\/figure>\n\n\n\n<figure class=\"wp-block-image size-large\"><img data-dominant-color=\"c4b699\" data-has-transparency=\"false\" style=\"--dominant-color: #c4b699;\" loading=\"lazy\" decoding=\"async\" width=\"702\" height=\"1024\" sizes=\"(max-width: 702px) 100vw, 702px\" data-id=\"95\" src=\"https:\/\/danse-aix-les-bains.com\/wp-content\/uploads\/2025\/09\/Reine-Boutron-photos-N-b-ballet-1-702x1024.webp\" alt=\"\" class=\"wp-image-95 not-transparent\" srcset=\"https:\/\/danse-aix-les-bains.com\/wp-content\/uploads\/2025\/09\/Reine-Boutron-photos-N-b-ballet-1-702x1024.webp 702w, https:\/\/danse-aix-les-bains.com\/wp-content\/uploads\/2025\/09\/Reine-Boutron-photos-N-b-ballet-1-206x300.webp 206w, https:\/\/danse-aix-les-bains.com\/wp-content\/uploads\/2025\/09\/Reine-Boutron-photos-N-b-ballet-1-768x1120.webp 768w, https:\/\/danse-aix-les-bains.com\/wp-content\/uploads\/2025\/09\/Reine-Boutron-photos-N-b-ballet-1-1054x1536.webp 1054w, https:\/\/danse-aix-les-bains.com\/wp-content\/uploads\/2025\/09\/Reine-Boutron-photos-N-b-ballet-1-1405x2048.webp 1405w, https:\/\/danse-aix-les-bains.com\/wp-content\/uploads\/2025\/09\/Reine-Boutron-photos-N-b-ballet-1-scaled.webp 1756w\" \/><figcaption class=\"wp-element-caption\">Reine Boutron &#8211; Professeure de danse classique<\/figcaption><\/figure>\n\n\n\n<figure class=\"wp-block-image size-large\"><img data-dominant-color=\"bcac8e\" data-has-transparency=\"false\" style=\"--dominant-color: #bcac8e;\" loading=\"lazy\" decoding=\"async\" width=\"732\" height=\"1024\" sizes=\"(max-width: 732px) 100vw, 732px\" data-id=\"96\" src=\"https:\/\/danse-aix-les-bains.com\/wp-content\/uploads\/2025\/09\/Reine-Boutron-photos-N-b-ballet-2-732x1024.webp\" alt=\"\" class=\"wp-image-96 not-transparent\" srcset=\"https:\/\/danse-aix-les-bains.com\/wp-content\/uploads\/2025\/09\/Reine-Boutron-photos-N-b-ballet-2-732x1024.webp 732w, https:\/\/danse-aix-les-bains.com\/wp-content\/uploads\/2025\/09\/Reine-Boutron-photos-N-b-ballet-2-214x300.webp 214w, https:\/\/danse-aix-les-bains.com\/wp-content\/uploads\/2025\/09\/Reine-Boutron-photos-N-b-ballet-2-768x1074.webp 768w, https:\/\/danse-aix-les-bains.com\/wp-content\/uploads\/2025\/09\/Reine-Boutron-photos-N-b-ballet-2-1098x1536.webp 1098w, https:\/\/danse-aix-les-bains.com\/wp-content\/uploads\/2025\/09\/Reine-Boutron-photos-N-b-ballet-2-1464x2048.webp 1464w, https:\/\/danse-aix-les-bains.com\/wp-content\/uploads\/2025\/09\/Reine-Boutron-photos-N-b-ballet-2-scaled.webp 1830w\" \/><figcaption class=\"wp-element-caption\">Reine Boutron &#8211; Aix-les-bains danse<\/figcaption><\/figure>\n<\/figure>\n\n\n\n<p>Depuis 1983, elle propose des cours de danse \u00e0 Aix les bains pour des eleves de 6 ans \u00e0 70 ans, elle propose la formation de danse classique, rythmique et des cours de danse bien \u00eatre pour les adultes et pour les seniors.<\/p>\n\n\n\n<p>L&#8217;\u00e9cole est en lien avec l&#8217;Association Eveil Chor\u00e9graphique avec laquelle ils ont particip\u00e9 \u00e0 divers spectacles dans la ville. <\/p>\n\n\n\n<figure class=\"wp-block-gallery has-nested-images columns-default is-cropped wp-block-gallery-2 is-layout-flex wp-block-gallery-is-layout-flex\">\n<figure class=\"wp-block-image size-large\"><img data-dominant-color=\"6c879c\" data-has-transparency=\"false\" style=\"--dominant-color: #6c879c;\" loading=\"lazy\" decoding=\"async\" width=\"1024\" height=\"682\" sizes=\"(max-width: 1024px) 100vw, 1024px\" data-id=\"98\" src=\"https:\/\/danse-aix-les-bains.com\/wp-content\/uploads\/2025\/09\/Aix-les-bains-Danse-1024x682.webp\" alt=\"\" class=\"wp-image-98 not-transparent\" srcset=\"https:\/\/danse-aix-les-bains.com\/wp-content\/uploads\/2025\/09\/Aix-les-bains-Danse-1024x682.webp 1024w, https:\/\/danse-aix-les-bains.com\/wp-content\/uploads\/2025\/09\/Aix-les-bains-Danse-300x200.webp 300w, https:\/\/danse-aix-les-bains.com\/wp-content\/uploads\/2025\/09\/Aix-les-bains-Danse-768x511.webp 768w, https:\/\/danse-aix-les-bains.com\/wp-content\/uploads\/2025\/09\/Aix-les-bains-Danse-1536x1022.webp 1536w, https:\/\/danse-aix-les-bains.com\/wp-content\/uploads\/2025\/09\/Aix-les-bains-Danse-2048x1363.webp 2048w\" \/><\/figure>\n<\/figure>\n\n\n\n<p><\/p>\n","protected":false},"excerpt":{"rendered":"<p>Reine Boutron a commenc\u00e9 sa formation de danse classique \u00e0 l&#8217;\u00e2ge de 11 ans, elle a suivi de cours toute au long de sa vie \u00e0 Aix les bains et \u00e0 Paris, elle a particip\u00e9 \u00e0 des stages avec des danseuses et danseurs reconnus tels que Yvette Chauvir\u00e9 ou encore Claude Bessy. Depuis 1983, elle [&hellip;]<\/p>\n","protected":false},"author":1,"featured_media":0,"parent":0,"menu_order":0,"comment_status":"closed","ping_status":"closed","template":"","meta":{"saved_in_kubio":false,"footnotes":""},"class_list":["post-12","page","type-page","status-publish","hentry"],"kubio_ai_page_context":{"short_desc":"","purpose":"general"},"_links":{"self":[{"href":"https:\/\/danse-aix-les-bains.com\/index.php\/wp-json\/wp\/v2\/pages\/12","targetHints":{"allow":["GET"]}}],"collection":[{"href":"https:\/\/danse-aix-les-bains.com\/index.php\/wp-json\/wp\/v2\/pages"}],"about":[{"href":"https:\/\/danse-aix-les-bains.com\/index.php\/wp-json\/wp\/v2\/types\/page"}],"author":[{"embeddable":true,"href":"https:\/\/danse-aix-les-bains.com\/index.php\/wp-json\/wp\/v2\/users\/1"}],"replies":[{"embeddable":true,"href":"https:\/\/danse-aix-les-bains.com\/index.php\/wp-json\/wp\/v2\/comments?post=12"}],"version-history":[{"count":10,"href":"https:\/\/danse-aix-les-bains.com\/index.php\/wp-json\/wp\/v2\/pages\/12\/revisions"}],"predecessor-version":[{"id":154,"href":"https:\/\/danse-aix-les-bains.com\/index.php\/wp-json\/wp\/v2\/pages\/12\/revisions\/154"}],"wp:attachment":[{"href":"https:\/\/danse-aix-les-bains.com\/index.php\/wp-json\/wp\/v2\/media?parent=12"}],"curies":[{"name":"wp","href":"https:\/\/api.w.org\/{rel}","templated":true}]}}